vative of t**4 + t**3/3 + 5*t**2/2 - 4*t + 4. Let o be b(3). Suppose -5*s + o = -s. What is the highest common factor of s and 8?
8
Let z(n) = -n**3 - 4*n**2 + n. Let i be z(-5). What is the greatest common divisor of i and 8?
4
Let r = -104 + 288. Suppose 5*q = r - 34. Calculate the highest common factor of 3 and q.
3
Suppose -2*b = 3*b - 180. Calculate the highest common factor of b and 12.
12
Let q be (-1 - 13)*(-15 + -7). Calculate the highest common divisor of 28 and q.
28
Suppose 4*o + 359 = 3*g, 0 = 5*g + 3*o - 232 - 347. Calculate the greatest common factor of 13 and g.
13
Suppose -4*s - s = -55. Let f = 96 + -63. Calculate the greatest common factor of f and s.
11
Suppose 21 = -2*j + 93. Calculate the highest common factor of 90 and j.
18
Let m = 19 - 7. What is the greatest common factor of 6 and m?
6
Suppose 3*y + 4*i - 23 = 0, 21 = 5*y - 2*i - 0*i. Let n = 5 - y. Suppose n = -t - 1 + 5. What is the highest common divisor of 12 and t?
4
Suppose -3*k - 2*k + 10 = 0. Suppose 3*t = -k*v + 57, 4*t - 2*t + 32 = v. Calculate the highest common factor of 6 and v.
6
Let y = -21 - -32. Let a be (6 + -8)*(-5)/2. Suppose -a*c + 4 + 1 = 0. What is the highest common factor of c and y?
1
Let t = 28 - 9. What is the highest common divisor of t and 209?
19
Let b(s) = -2*s**2 - 4*s - 2. Let h be b(-3). Let i = h + 16. Suppose 0 = 2*t - 6*t + 64. What is the greatest common factor of t and i?
8
Let y be 1/6*14*3. Let i(c) = -c**2 + 1. Let v be i(0). What is the greatest common divisor of y and v?
1
Suppose 2*t + l = 15 - 5, 2*t + 3*l = 6. Suppose 5*y - 10 = -0*y. Let x be (-8)/t*(-33)/y. Calculate the greatest common factor of x and 55.
11
Let h be ((-3 - -2) + -35)/((-6)/8). What is the highest common factor of h and 32?
16
Suppose 117 + 13 = 5*l. Calculate the highest common divisor of l and 52.
26
Let y be ((-490)/(-8))/(1/4). Let l = y - 164. Calculate the greatest common factor of l and 9.
9
Let i be (51/12 + (-6)/24)*1. Suppose -14 = -5*d - 4. Suppose -d*l - l + 60 = 0. What is the greatest common divisor of l and i?
4
Let a(h) = -2*h + 9. Let d(o) = 3*o - 10. Let j = 5 + -11. Let q(m) = j*a(m) - 5*d(m). Let b be q(-3). What is the greatest common divisor of b and 15?
5
Suppose -2*q = -q - 84. Let k = -3 - 21. Let r = k + 36. What is the highest common factor of r and q?
12
Suppose -3 + 15 = 2*z. Suppose 5*d - 6*d = -9. Calculate the highest common factor of d and z.
3
Suppose -18 - 47 = -5*y. Calculate the greatest common factor of y and 13.
13
Suppose -q = -5*i + 347, -3*i = i - 3*q - 271. Suppose 4*y + 28 = 6*y. Let f = i - y. What is the highest common factor of f and 7?
7
Let c be (-40)/(-3) - (-1)/(-3). Calculate the highest common divisor of 13 and c.
13
Let p be (-2)/3 - (-4)/6 - -48. Calculate the greatest common divisor of p and 36.
12
Let j(h) = -3 + h**2 + 2*h + 3*h**2 + h**2. Suppose -k = 4*q - 13, -4*q + 29 = -2*q + 5*k. Let z be j(q). Calculate the highest common divisor of 14 and z.
7
Let y = 11 + -5. Let a be 0 - 1 - (2 + -1). Let v(f) = 2*f**2 + 2*f - 1. Let s be v(a). Calculate the highest common divisor of s and y.
3
Let w be -3*(0/(-5) + 80/(-6)). Calculate the highest common factor of 80 and w.
40
Let k = 75 + -25. Let t = k + -20. What is the highest common divisor of 75 and t?
15
Let r(j) = -3*j**3 - 2*j**2 + 5*j + 4. Let z be r(-3). Calculate the greatest common factor of z and 13.
13
Suppose -5*y = -3*t - 168, -4*y + 140 = -0*t - t. Let b = -26 + y. Let k(j) = 7*j + 8. Let p be k(6). Calculate the highest common factor of p and b.
10
Suppose -o + 77 = -2*s, -4*o - 5*s + s + 260 = 0. Let g = -48 + o. Suppose 2*b + 170 = 4*d, -24 - g = -d + b. What is the greatest common divisor of 16 and d?
8
Suppose f = -2*a, 2*a - 1 + 19 = -4*f. Let b(y) = -y**3 - 6*y**2 - y + 5. Let c be b(f). Calculate the highest common divisor of 88 and c.
11
Let g = -14 + 44. Suppose -4*a + 12 = -3*x, 12 = 4*a - 3*a - 3*x. Suppose -3*t + 30 = -a*t. Calculate the highest common factor of t and g.
10
Let k = -1 - -3. Suppose -5*c - 3*o + 4 = -4*o, -c = -k*o + 1. Let j be 6/21 + (-12)/(-7). What is the highest common divisor of c and j?
1
Let g = 54 + 58. Calculate the highest common divisor of g and 14.
14
Let n = -20 + 47. Let b be (n/(-15))/((-3)/10). Calculate the highest common divisor of b and 48.
6
Let g(a) = 77*a**2 - a - 2. Let l be g(-2). Let b = l - 173. What is the greatest common factor of b and 15?
15
Suppose 4*w = -0*w - 52. Suppose 3*p = 2*g + 47, 2*g + 5*p = -41 - 30. Let k = w - g. What is the highest common divisor of 165 and k?
15
Let y be ((-1)/(-4) - 3)*-36. Let c = 8 + 1. What is the highest common divisor of c and y?
9
Suppose 4*w - 932 = -r - 327, -5*w = 2*r - 754. Let b(t) = 2*t - 5. Let k be b(12). What is the greatest common divisor of w and k?
19
Let u(z) = 2*z**2 - 7*z + 1. Let q be u(5). Calculate the greatest common factor of q and 24.
8
Suppose -4*s - s = -5*b + 80, -b + 2*s + 21 = 0. Calculate the highest common factor of 99 and b.
11
Suppose 0 = -2*y + 3*y - 20. Let m(f) = f**2 - f + 2. Let u be m(2). What is the highest common divisor of u and y?
4
Suppose 36 = 3*k - k. What is the highest common factor of k and 198?
18
Suppose 4*b = 6 + 10. Suppose 0 = -b*r - 3*v + 166, 3*r + 5*v + 182 = 7*r. Let f = r - 3. What is the highest common factor of f and 16?
8
Let t = 12 - 7. Suppose -2 + t = 3*b. Calculate the highest common factor of b and 1.
1
Suppose -5*v - 15 = -k - 0*v, -10 = -k + 4*v. Let h be (k/15)/(2/(-357)). Calculate the greatest common divisor of h and 17.
17
Let y be (-6)/(-3)*2/4. Let g be y*(-3)/3 + 4. Suppose -3*p - 5 = -j, 5*j - g*p = -0*j + 25. Calculate the greatest common divisor of 45 and j.
5
Let m = 18 - 15. Suppose -2*o = -3*x + 52, -5*o + 10*o = m*x - 40. What is the highest common factor of 50 and x?
10
Let c = -18 - -30. Suppose 3*h - 15 = -3*g + 81, -5*g + 5*h = -140. Calculate the greatest common factor of g and c.
6
Suppose -4*a - 260 = -4*h, -2*h = 2*a + 2*a - 106. Suppose h + 89 = 5*r. Suppose -5*t + 37 - 7 = 0. What is the highest common divisor of t and r?
6
Suppose 3*r - 9 = 6. Let j = 1 + r. Calculate the highest common factor of 24 and j.
6
Suppose 3*c = 5*x + 19, -4*c - 30 = c + 4*x. Let n be ((-3)/(-3))/(c/(-20)). What is the highest common factor of n and 50?
10
Let v = 25 + -14. Calculate the greatest common divisor of v and 88.
11
Suppose 3*c = -12, -c - 1047 - 172 = -5*i. What is the highest common factor of 27 and i?
27
Let o be 3/(-6) + (-26)/(-4). Let b = 6 - 3. Suppose -z + 44 = -2*s, -4*z = b*s + 2*s - 163. What is the highest common factor of z and o?
6
Suppose 3*y - 9 = -3*n + 12, -5*n = -4*y - 53. Let g(z) = 2*z**3 + 3*z**2 - z + 3. Let a be g(3). What is the greatest common factor of a and n?
9
Suppose -4*d + 3*p = -163 + 16, 145 = 5*d + 4*p. What is the greatest common factor of 22 and d?
11
Suppose -5*i - 75 = -5*g, -70 = -0*g - 5*g + 4*i. Suppose 4*j - 255 = j. Let m = j - 5. What is the greatest common factor of g and m?
10
Suppose -i = 4*i + 50. Let t be (-16)/i*(-6 - -1). Let a(b) = -b - 4. Let r be a(t). Calculate the greatest common divisor of 20 and r.
4
Let l be 2/3 + (-2)/(-6). Suppose -4 = x + 4. Let j be (x/(-12))/((-2)/(-9)). What is the greatest common divisor of j and l?
1
Let c(n) = -n**3 + 4*n**2 - 3. Suppose -4*d - 18 + 6 = 0. Let k be c(d). What is the greatest common factor of k and 15?
15
Let r(b) = -b**2 + 7*b + 12. Let y be r(6). Let v = -160 - -268. What is the highest common divisor of v and y?
18
Let m be (-8 - 145)*(1 - 0)/(-1). What is the highest common divisor of m and 17?
17
Let z = -2 - -6. Suppose 3*p = 0, c - 10 = -3*p + z*p. Calculate the greatest common factor of c and 10.
10
Let q be ((-12)/(-8))/(21/56). Calculate the greatest common divisor of q and 32.
4
Suppose 3*y - 7*y - 5*b + 41 = 0, 4*b = 2*y - 14. Let u be (-74)/3 - 3/y. Let o = u - -37. What is the highest common factor of 24 and o?
12
Let k = 2 + 1. Let c = 0 - -3. Suppose 2*z = 6*z + c*s - 48, -z + 1 = -2*s. Calculate the greatest common divisor of z and k.
3
Suppose 0 = -27*j + 26*j + 31. Calculate the greatest common factor of j and 93.
31
Let z(d) = 101*d**2 - 4*d - 1. Let n be z(-2). Let h = -115 + n. Calculate the highest common divisor of h and 37.
37
Let